1?
971, 44371
What are the prime factors of 823754505?
3, 5, 7, 1019, 7699
List the prime factors of 471272875.
5, 23, 7127
List the prime factors of 12654028.
2, 109, 29023
What are the prime factors of 43669795?
5, 13, 29, 23167
What are the prime factors of 5986073681?
7, 31, 3940799
List the prime factors of 1660586974.
2, 10321, 80447
List the prime factors of 323617917.
3, 7, 3593, 4289
List the prime factors of 2433245000.
2, 5, 29, 97, 173
List the prime factors of 32954161.
37, 890653
What are the prime factors of 461612264?
2, 181, 318793
What are the prime factors of 1366750059?
3, 1889, 241177
List the prime factors of 207996487.
207996487
What are the prime factors of 1779863130?
2, 3, 5, 331, 59747
What are the prime factors of 467564997?
3, 157, 992707
List the prime factors of 70990233.
3, 401, 59011
List the prime factors of 26562017.
719, 36943
What are the prime factors of 255071126?
2, 127535563
What are the prime factors of 4461348420?
2, 3, 5, 17, 1457957
List the prime factors of 35763724.
2, 8940931
What are the prime factors of 164201519?
164201519
What are the prime factors of 22857635?
5, 229, 19963
What are the prime factors of 48826646?
2, 11, 89, 2267
What are the prime factors of 2370873236?
2, 592718309
List the prime factors of 24964898.
2, 7, 19, 127, 739
List the prime factors of 2866446828.
2, 3, 7, 11374789
What are the prime factors of 807693719?
7, 115384817
List the prime factors of 1092902517.
3, 7, 101, 8179
List the prime factors of 133496010.
2, 3, 5, 1483289
What are the prime factors of 1406874072?
2, 3, 58619753
What are the prime factors of 334533897?
3, 5827, 6379
List the prime factors of 644903230.
2, 5, 31, 283, 7351
List the prime factors of 1746738414.
2, 3, 449, 216127
What are the prime factors of 13248205?
5, 107, 24763
What are the prime factors of 28609040?
2, 5, 357613
What are the prime factors of 824811046?
2, 101, 4083223
What are the prime factors of 37583039?
13, 17, 173, 983
What are the prime factors of 6819902?
2, 1303, 2617
List the prime factors of 273478209.
3, 4337, 21019
List the prime factors of 1183578294.
2, 3, 1201, 164249
List the prime factors of 103446794.
2, 11, 67, 70181
List the prime factors of 478691776.
2, 19, 20719
What are the prime factors of 5975896283?
7, 19, 1237, 5189
What are the prime factors of 247661588?
2, 383, 161659
List the prime factors of 291646279.
23, 12680273
List the prime factors of 1364055341.
11, 191, 389, 1669
What are the prime factors of 1302904514?
2, 17, 38320721
List the prime factors of 21413660.
2, 5, 1070683
What are the prime factors of 92369235?
3, 5, 7, 879707
What are the prime factors of 27635830?
2, 5, 2763583
What are the prime factors of 572231926?
2, 7, 40873709
List the prime factors of 2561554793.
7, 365936399
List the prime factors of 149312322.
2, 3, 102409
List the prime factors of 1056251240.
2, 5, 11, 2400571
List the prime factors of 194254330.
2, 5, 491, 39563
What are the prime factors of 21952907?
1277, 17191
What are the prime factors of 35211714?
2, 3, 5868619
List the prime factors of 68118259.
11, 6192569
List the prime factors of 6898188159.
3, 1259, 608789
What are the prime factors of 341035220?
2, 5, 2741, 6221
List the prime factors of 146562127.
2897, 50591
What are the prime factors of 89901332?
2, 22475333
What are the prime factors of 677208530?
2, 5, 67, 1010759
List the prime factors of 17932247.
43, 101, 4129
List the prime factors of 907422293.
97, 9354869
What are the prime factors of 1174655609?
23, 2220521
What are the prime factors of 498983330?
2, 5, 49898333
List the prime factors of 901159907.
901159907
What are the prime factors of 1577751910?
2, 5, 7, 22539313
What are the prime factors of 1964310090?
2, 3, 5, 43, 293, 5197
List the prime factors of 27875608.
2, 163, 21377
List the prime factors of 904684563.
3, 17, 19, 31, 10039
List the prime factors of 218381134.
2, 83, 1315549
List the prime factors of 8268718.
2, 257, 16087
List the prime factors of 1259611308.
2, 3, 19, 103, 941
List the prime factors of 66654217.
7, 9522031
What are the prime factors of 781139921?
781139921
What are the prime factors of 1594587848?
2, 7, 179, 271, 587
What are the prime factors of 206540484?
2, 3, 2659, 6473
List the prime factors of 83161869.
3, 7, 565727
List the prime factors of 684453810.
2, 3, 5, 233, 97919
What are the prime factors of 369523356?
2, 3, 17, 1811389
List the prime factors of 2590886507.
11, 251, 938387
List the prime factors of 1115884570.
2, 5, 73, 1528609
What are the prime factors of 26867891?
29, 71, 13049
What are the prime factors of 826576874?
2, 19, 43, 47, 229
List the prime factors of 881896747.
881896747
List the prime factors of 734406481.
734406481
List the prime factors of 47046893.
2549, 18457
List the prime factors of 2571117319.
2571117319
What are the prime factors of 54092379?
3, 11, 199, 8237
List the prime factors of 328165349.
31, 131, 80809
What are the prime factors of 1124745355?
5, 224949071
What are the prime factors of 1104744975?
3, 5, 109, 337, 401
What are the prime factors of 65858015?
5, 13171603
List the prime factors of 321895357.
7, 17, 386429
What are the prime factors of 69754676?
2, 23, 758203
What are the prime factors of 3989464284?
2, 3, 13, 25573489
What are the prime factors of 209623694?
2, 7, 19, 61, 12919
List the prime factors of 1395781955.
5, 279156391
What are the prime factors of 528963648?
2, 3, 19, 83, 1747
What are the prime factors of 2362458982?
2, 13, 3767, 24121
What are the prime factors of 42493353?
3, 7, 17, 37, 3217
List the prime factors of 58178255.
5, 1579, 7369
List the prime factors of 336754116.
2, 3, 31, 301751
What are the prime factors of 621998646?
2, 3, 103666441
What are the prime factors of 173110755?
3, 5, 11540717
List the prime factors of 473806029.
3, 157935343
List the prime factors of 7943505984.
2, 3, 1103, 12503
List the prime factors of 1835489857.
67, 139, 197089
List the prime factors of 158256542.
2, 3301, 23971
What are the prime factors of 1466996119?
59, 24864341
List the prime factors of 3058942358.
2, 101, 239, 63361
What are the prime factors of 3554510907?
3, 28871, 41039
List the prime factors of 44739243.
3, 19, 87211
What are the prime factors of 1413920804?
2, 17, 1861, 11173
What are the prime factors of 267883099?
11, 277, 87917
What are the prime factors of 1198026815?
5, 239605363
What are the prime factors of 4069157229?
3, 16745503
List the prime factors of 310822.
2, 23, 29, 233
What are the prime factors of 129458381?
13, 19, 524123
What are the prime factors of 190589449?
103, 617, 2999
What are the prime factors of 252271689?
3, 1549, 54287
List the prime factors of 2051899742.
2, 1025949871
What are the prime factors of 222276032?
2, 11, 28703
List the prime factors of 194449545.
3, 5, 59, 24413
List the prime factors of 7920571289.
59, 134246971
What are the prime factors of 487718206?
2, 41, 5947783
List the prime factors of 276473146.
2, 277, 383, 1303
What are the prime factors of 58833124?
2, 7, 17, 17657
List the prime factors of 1776078317.
13, 2837, 48157
What are the prime factors of 1393898908?
2, 348474727
List the prime factors of 244538646.
2, 3, 11, 409, 9059
What are the prime factors of 78685598?
2, 39342799
List the prime factors of 1249428739.
13, 96109903
List the prime factors of 343403895.
3, 5, 31, 59, 12517
What are the prime factors of 3731681084?
2, 17, 4201, 13063
List the prime factors of 1352633820.
2, 3, 5, 127, 177511
List the prime factors of 105722207.
105722207
What are the prime factors of 288656003?
23, 12550261
What are the prime factors of 16158151?
19, 179, 4751
List the prime factors of 58846784.
2, 79, 103, 113
What are the prime factors of 67797884?
2, 7, 11, 220123
What are the prime factors of 52426232?
2, 17, 397, 971
List the prime factors of 5564657510.
2, 5, 3343, 166457
List the prime factors of 334528115.
5, 647, 103409
What are the prime factors of 2239262519?
13, 41, 4201243
What are the prime factors of 3035603399?
269, 523, 21577
List the prime factors of 1436773106.
2, 7207, 99679
What are the prime factors of 925208589?
3, 127, 2428369
List the prime factors of 4568041277.
967, 1301, 3631
List the prime 